- 132 = -d + n. What is the remainder when d is divided by (-227)/(-10) + 1 + 60/200?
21
Let s = -32 + 37. What is the remainder when 66 is divided by s?
1
Let v = -194 - -211. What is the remainder when 24 is divided by v?
7
Let w = -25 - -17. Calculate the remainder when w/(-28) + 4715/35 is divided by 47.
41
Let h(v) = v**3 - 13*v**2 + v - 9. Let t be h(13). Suppose t*k = k + 45. Suppose 0*w - w = -k. What is the remainder when w is divided by 6?
3
Suppose 2*y - 2 - 2 = 0. Let i(z) = z + 3*z**2 - 4*z + 2 + 2*z**y. What is the remainder when 63 is divided by i(2)?
15
Calculate the remainder when 57 + -1*(-18)/(-3) is divided by 40.
11
Suppose -4*c = -7*c + 5*w + 353, -w = c - 115. Suppose -4*n - 4*h = -c, -1 + 117 = 4*n - h. Let l = 19 + -9. Calculate the remainder when n is divided by l.
9
Suppose 2*w + 65 = 3*w. Suppose 100*g - 106*g = -204. What is the remainder when w is divided by g?
31
Let a(n) = 3*n + 16. Let l(c) = c**3 - 7*c**2 + 9*c - 9. Let s be l(6). Suppose 4*x = -x + 80. What is the remainder when a(s) is divided by x?
11
Let h be 2 + -458*2/(-1). Suppose 3*x - 6*x - 5*c = -h, -1499 = -5*x + 2*c. Calculate the remainder when (x/2)/(-7)*-2 is divided by 11.
10
Suppose -3*h + 5*c = -77, 7*c - 3*c + 52 = 2*h. Let m(o) = 70*o**3 - 2*o**2 + o. What is the remainder when m(1) is divided by h?
21
Suppose 0 = -2*m - v + 15, v - 33 = -5*m - 3*v. Suppose -2*u + 7*u = 60. What is the remainder when u is divided by m?
3
What is the remainder when 3/((5/10)/((-692)/(-24))) is divided by 8?
5
Let o(b) be the first derivative of 8*b**2 + 1. Let r(x) = -29*x + 3642. Calculate the remainder when o(2) is divided by r(125).
15
Calculate the remainder when 43 is divided by 5 + (9 - (4 + -2)).
7
Let k(o) = -o**2 - 22*o - 65. Let l(d) = -2*d**3 - 10*d - 2 + 12 + d**3 - 10*d**2. What is the remainder when k(-12) is divided by l(-9)?
17
Let k = -40 + 9. Let y = k + 47. Suppose r - 61 = -0*r. Calculate the remainder when r is divided by y.
13
Suppose -4*l + 5 = -19. Let u = -4 + l. Suppose v - 4*w = 75, 3*w + 38 = u*v - 87. What is the remainder when v is divided by 14?
13
Suppose 0*x - x = -28. Calculate the remainder when 39 is divided by -14*1*(-40)/x.
19
Suppose 23*f + 548 = 5424. What is the remainder when f is divided by 31?
26
Calculate the remainder when 15 is divided by 4 - -6*7/21.
3
Let a = 604 - 470. What is the remainder when a is divided by 70?
64
Let h(l) = 5*l**2 + 3*l + 3. Suppose 0 = 4*m - 12 - 16. Let z = 43 + m. What is the remainder when z is divided by h(-2)?
16
What is the remainder when 143 is divided by 45/(-315) + 274/7?
26
Let n = 106 - 107. What is the remainder when 42 is divided by ((-2)/(-4) + n)*108/(-2)?
15
Let p = -89 + 149. What is the remainder when p is divided by (64/(-5))/(33/5 + -7)?
28
Calculate the remainder when 2 is divided by -3*(5 + (-68)/12).
0
Let t be 122/10 - (-52)/65. Let v(a) = a**3 - 13*a**2 - a + 17. What is the remainder when (1 - -1)/(-2) + 7 is divided by v(t)?
2
Let d(n) = -n**2 - 3*n + 22. Let p be d(-6). Suppose -4*m - 4*s = -96, 3*m + 0*s - 58 = p*s. Calculate the remainder when 106 is divided by m.
18
Let c = 0 - -2. Let d = 108 - 76. Let w = d + -29. What is the remainder when w is divided by c?
1
Let m = 33 - -109. Suppose 4*w = 2*w + m. What is the remainder when w is divided by 18?
17
Let v(s) be the first derivative of 9*s**4/4 + 2*s**3/3 + s**2/2 - 2*s + 8. Calculate the remainder when 29 is divided by v(1).
9
Calculate the remainder when (304/(-57))/16 + (-338)/(-6) is divided by 5.
1
Let s = -719 - -729. Calculate the remainder when 329 is divided by s.
9
Let f = 1774 + 1463. What is the remainder when f is divided by 79?
77
Let i = -46 + 42. What is the remainder when 0*(1 + 0) + 65 is divided by 12/i + 25*(-2 - -3)?
21
Let p be (-6)/(-33) - 20*1/(-11). Suppose 0 = -3*a + 3*l - p*l + 51, 5*a + 3*l - 99 = 0. What is the remainder when 34 is divided by a?
16
Let f(n) = -n**2 + 5. Let v be f(3). Let r = v - -20. Calculate the remainder when 60 is divided by r.
12
Suppose 13 = 3*w - r + 2*r, -4*w + r = -22. Let j(c) = -19*c + 3. What is the remainder when j(-6) is divided by (-151)/(-5) + (-1)/w?
27
Suppose -h + 8 = -26. Calculate the remainder when 3 + 630/((-80)/(-8)) is divided by h.
32
Let d(z) = -z + 29. Let c be d(29). Suppose -5*h + 10 = c, h = -7*a + 6*a + 14. What is the remainder when 46 is divided by a?
10
Suppose -4*i = -3*i - 140. Suppose 0*b = 4*b - i. Suppose 0 = -4*c - 2*u + 95 - 29, 5*c - 75 = -4*u. Calculate the remainder when b is divided by c.
16
Suppose 112 = 3*v + 5*u, 4*v + 2*u + 140 = 7*v. What is the remainder when 655 is divided by v?
39
Suppose 3*u = 3 + 39. Let d = u - -62. Calculate the remainder when d is divided by 13.
11
Let h = -96 + 192. What is the remainder when (-3 + 4)*(0 + 1 + h) is divided by 25?
22
Let q(o) = -31*o - 208. Calculate the remainder when q(-9) is divided by 41.
30
Suppose 5*b = -4*n + 730, n + 2*n + 5*b - 545 = 0. Suppose 6*g - n = g. Calculate the remainder when 220 is divided by g.
35
Suppose -4*p + 379 - 83 = 0. Let d(b) = b**2 - 18*b - 100. Calculate the remainder when p is divided by d(23).
14
Suppose -136 + 430 = -7*p. Let s = 52 + p. Calculate the remainder when s is divided by 5.
0
Suppose -9*t = -2*t - 294. Suppose 4*q - 8 = 52. Calculate the remainder when t is divided by q.
12
Let i be 10*(5 + (-20)/8). Suppose 0 = 50*l - 45*l - i. What is the remainder when 23 is divided by l?
3
Let q = -62 - -89. Suppose 3*s - 3*n - q = 0, -12 = 4*s - 3*n - 46. What is the remainder when 17 is divided by s?
3
Suppose 0 = 5*j - 0*j - 10. Suppose 3*x - 32 = 7*x + k, -16 = j*x + 3*k. Let d(z) = z**2 + 8*z + 10. What is the remainder when 49 is divided by d(x)?
9
Suppose -w = -o - 4*w + 19, 5*w + 43 = 3*o. Calculate the remainder when 317 is divided by o.
13
Let j be (-3 + -2)*4/10. Let a be 65/15 + j/6. Suppose u - 3 = -q, -a*q = u - 18 + 6. What is the remainder when 5 is divided by q?
2
What is the remainder when 152 is divided by ((-6)/9)/(-4*(-3)/(-954))?
46
Let s(m) = -m**2 - 30*m - 72. What is the remainder when 125 is divided by s(-26)?
29
Suppose 0 = -4*b + 8*b - 72. Calculate the remainder when (12/(-5))/((-117)/1560) is divided by b.
14
Suppose 150 = 2*u + 4*y, 3*u = -10*y + 8*y + 233. What is the remainder when u is divided by 22?
13
What is the remainder when 113 is divided by 1/((-478)/80 - -6)?
33
Suppose 12*t - 380 = 2*t. Calculate the remainder when t is divided by 11.
5
Suppose -2*l + 28 = -2*o, -4*l - 2*o + 38 = -0*l. Suppose -9*i + 158 + 445 = 0. Let j = 88 - i. Calculate the remainder when j is divided by l.
10
Let o(w) = -w**3 + 4*w + 5. Suppose 5*j - 52 = -3*m, -5*j = 3*m - m - 53. Calculate the remainder when o(-4) is divided by j.
9
Suppose -3*j + j = 0. Calculate the remainder when 2*-2*(-4)/8 is divided by 0 - (1 + -3 - j).
0
Suppose 54 = 3*g + 2*i, -38 = -g + 3*i - 9. Suppose g*v + 153 = 29*v. What is the remainder when 99 is divided by v?
14
Let v(m) = -m**3 - 27*m**2 + 120*m - 8. Let u(l) = 16*l**2 - 1. What is the remainder when v(-31) is divided by u(-1)?
11
Suppose -4 = 8*h - 7*h. Let n = h - -27. Suppose -3*q + 203 = -1. Calculate the remainder when q is divided by n.
22
Suppose -17*k + 5*k + 424 = 88. Let c(i) = -i**3 + 8*i**2 + 2*i - 2. What is the remainder when c(6) is divided by k?
26
Let x = -163 - -241. What is the remainder when 307 is divided by x?
73
Suppose -6*w - w - 28 = 0. Let g(o) = -o**3 + 6*o**2 - 4*o - 3. What is the remainder when (500/35)/(w/(-14)) is divided by g(4)?
11
Let z(w) = -w**2 + w + 24. Suppose 0 = -37*g + 41*g + 4, 3*m - 5*g = 23. What is the remainder when z(0) is divided by m?
0
Suppose 166*z - 168*z = -1594. What is the remainder when z is divided by 27?
14
Let x = -100 + 59. Let a = -17 - x. Suppose 8*b + a = 11*b. What is the remainder when 37 is divided by b?
5
Let n = 25 + 33. Suppose 2*s - 452 = -0*s + 2*v, -5*s - 5*v = -1150. What is the remainder when s is divided by n?
54
Let a be 93/(-15) + 1/5. Suppose 2*d - y = 7*d - 103, -99 = -5*d - 3*y. What is the remainder when (-2)/a + 925/15 is divided by d?
20
Suppose 5*o - 2*m - 871 = 0, 3*o - 301 - 234 = -5*m. Suppose h = -4*h - o. Let p = h - -92. What is the remainder when p is divided by 15?
12
Let t be (29/3)/(